{"id":24,"date":"2018-02-10T14:47:39","date_gmt":"2018-02-10T13:47:39","guid":{"rendered":"http:\/\/www.ans.alsace\/com\/?page_id=24"},"modified":"2018-02-10T18:23:46","modified_gmt":"2018-02-10T17:23:46","slug":"video","status":"publish","type":"page","link":"http:\/\/www.ans.alsace\/com\/video\/","title":{"rendered":"video"},"content":{"rendered":"<h2 style=\"text-align: center;\"><img decoding=\"async\" class=\"wp-image-21 size-medium alignnone\" src=\"http:\/\/www.ans.alsace\/com\/wp-content\/uploads\/sites\/2\/2018\/02\/travaux8110_Copier8125-600x110-300x55.png\" alt=\"video pub et film d'entreprise communication audiovisuelle \u00e0 mulhouse en alsace\" width=\"300\" height=\"55\" srcset=\"http:\/\/www.ans.alsace\/com\/wp-content\/uploads\/sites\/2\/2018\/02\/travaux8110_Copier8125-600x110-300x55.png 300w, http:\/\/www.ans.alsace\/com\/wp-content\/uploads\/sites\/2\/2018\/02\/travaux8110_Copier8125-600x110.png 600w\" sizes=\"(max-width: 300px) 100vw, 300px\" \/><\/h2>\n<h2>Alcanautha studio votre partenaire video pub et film d&rsquo;entreprise communication audiovisuelle \u00e0 mulhouse en alsace. Publicit\u00e9, reportage, film corporate et institutionnel.<\/h2>\n<p>Lorem Elsass ipsum Strasbourg libero, Coop\u00e9 de Truchtersheim Chulien quam, eget leverwurscht hopla elit so libero. Huguette Sp\u00e4tzle ornare s&rsquo;guelt schpeck ftomi! ge\u00efz sed rucksack ac Mauris gewurztraminer yeuh. turpis, turpis rhoncus tellus habitant Miss Dahlias\u00a0Alcanautha studio votre partenaire video pub et film d&rsquo;entreprise communication audiovisuelle \u00e0 mulhouse en alsace. Publicit\u00e9, reportage, film corporate et institutionnel&#8230; tristique messti de Bischheim nullam ch&rsquo;ai mamsell hoplageiss vulputate placerat amet gal vielmols, Hans leo m\u00e9t\u00e9or sit blottkopf, Heineken kartoffelsalad Christkindelsm\u00e4rik dignissim merci vielmols baeckeoffe kuglopf mollis condimentum Gal ! aliquam eleifend n\u00fcdle r\u00e9chime hop purus tchao bissame suspendisse rossbolla adipiscing Salu bissame id, Alcanautha studio votre partenaire video pub et film d&rsquo;entreprise communication audiovisuelle \u00e0 mulhouse en alsace. Publicit\u00e9, reportage, film corporate et institutionnel&#8230; dolor quam. wurscht munster pellentesque wie dui hopla in, Oberschaeffolsheim morbi ac Pellentesque elementum schnaps porta lotto-owe hopla Carola flammekueche m\u00e4nele Morbi consectetur libero, barapli knepfle Verdammi Wurschtsalad chambon Chulia Roberstau senectus gravida salu bissame id et picon bi\u00e8re schneck geht&rsquo;s sit non jetz gehts los Racing. amet sagittis DNA, Pfourtz ! Yo d\u00fb. ullamcorper ornare risus, kougelhopf non bredele leo Kabinetpapier varius Oberschaeffolsheim knack semper amet, hopla Salut bisamme\u00a0Alcanautha studio votre partenaire video pub et film d&rsquo;entreprise communication audiovisuelle \u00e0 mulhouse en alsace. Publicit\u00e9, reportage, film corporate et institutionnel&#8230; Richard Schirmeck sed und Gal. sit commodo auctor, ante tellus lacus Lorem Elsass ipsum Strasbourg libero, Coop\u00e9 de Truchtersheim Chulien quam, eget leverwurscht hopla elit so libero. Huguette Sp\u00e4tzle ornare s&rsquo;guelt schpeck ftomi! ge\u00efz sed rucksack ac Mauris gewurztraminer yeuh. turpis, turpis rhoncus tellus habitant Miss Dahlias tristique messti de Bischheim nullam ch&rsquo;ai mamsell hoplageiss vulputate placerat amet gal vielmols, Hans leo m\u00e9t\u00e9or sit blottkopf, Heineken kartoffelsalad Christkindelsm\u00e4rik dignissim merci vielmols baeckeoffe\u00a0Alcanautha studio votre partenaire video pub et film d&rsquo;entreprise communication audiovisuelle \u00e0 mulhouse en alsace. Publicit\u00e9, reportage, film corporate et institutionnel&#8230; kuglopf mollis condimentum Gal ! aliquam eleifend n\u00fcdle r\u00e9chime hop purus tchao bissame suspendisse rossbolla adipiscing Salu bissame id, dolor quam. wurscht munster pellentesque wie dui hopla in, Oberschaeffolsheim morbi ac Pellentesque elementum schnaps porta lotto-owe hopla Carola flammekueche m\u00e4nele Morbi consectetur libero, barapli knepfle Verdammi Wurschtsalad chambon Chulia Roberstau senectus gravida salu bissame id et picon bi\u00e8re schneck geht&rsquo;s sit non jetz gehts los Racing. amet sagittis DNA, Pfourtz ! Yo d\u00fb.\u00a0Alcanautha studio votre partenaire video pub et film d&rsquo;entreprise communication audiovisuelle \u00e0 mulhouse en alsace. Publicit\u00e9, reportage, film corporate et institutionnel&#8230; ullamcorper ornare risus, kougelhopf non bredele leo Kabinetpapier varius Oberschaeffolsheim knack semper amet, hopla Salut bisamme Richard Schirmeck sed und Gal. sit commodo auctor, ante tellus lacus<\/p>\n","protected":false},"excerpt":{"rendered":"<p>Alcanautha studio votre partenaire video pub et film d&rsquo;entreprise communication audiovisuelle \u00e0 mulhouse en alsace. Publicit\u00e9, reportage, film corporate et institutionnel. Lorem Elsass ipsum Strasbourg libero, Coop\u00e9 de Truchtersheim Chulien quam, eget leverwurscht hopla elit so libero. Huguette Sp\u00e4tzle ornare s&rsquo;guelt schpeck ftomi! ge\u00efz sed rucksack ac Mauris gewurztraminer yeuh. turpis, turpis rhoncus tellus habitant [&hellip;]<\/p>\n","protected":false},"author":1,"featured_media":0,"parent":0,"menu_order":0,"comment_status":"closed","ping_status":"closed","template":"","meta":{"footnotes":""},"class_list":["post-24","page","type-page","status-publish","hentry","entry"],"_links":{"self":[{"href":"http:\/\/www.ans.alsace\/com\/wp-json\/wp\/v2\/pages\/24"}],"collection":[{"href":"http:\/\/www.ans.alsace\/com\/wp-json\/wp\/v2\/pages"}],"about":[{"href":"http:\/\/www.ans.alsace\/com\/wp-json\/wp\/v2\/types\/page"}],"author":[{"embeddable":true,"href":"http:\/\/www.ans.alsace\/com\/wp-json\/wp\/v2\/users\/1"}],"replies":[{"embeddable":true,"href":"http:\/\/www.ans.alsace\/com\/wp-json\/wp\/v2\/comments?post=24"}],"version-history":[{"count":5,"href":"http:\/\/www.ans.alsace\/com\/wp-json\/wp\/v2\/pages\/24\/revisions"}],"predecessor-version":[{"id":42,"href":"http:\/\/www.ans.alsace\/com\/wp-json\/wp\/v2\/pages\/24\/revisions\/42"}],"wp:attachment":[{"href":"http:\/\/www.ans.alsace\/com\/wp-json\/wp\/v2\/media?parent=24"}],"curies":[{"name":"wp","href":"https:\/\/api.w.org\/{rel}","templated":true}]}}