{"id":28,"date":"2018-02-10T18:10:02","date_gmt":"2018-02-10T17:10:02","guid":{"rendered":"http:\/\/www.ans.alsace\/com\/?page_id=28"},"modified":"2018-02-10T18:10:02","modified_gmt":"2018-02-10T17:10:02","slug":"motiondesign","status":"publish","type":"page","link":"http:\/\/www.ans.alsace\/com\/motiondesign\/","title":{"rendered":"motiondesign"},"content":{"rendered":"<p><img decoding=\"async\" class=\"size-medium wp-image-21 aligncenter\" src=\"http:\/\/www.ans.alsace\/com\/wp-content\/uploads\/sites\/2\/2018\/02\/travaux8110_Copier8125-600x110-300x55.png\" alt=\"motion design et communication audiovisuelle \u00e0 mulhouse en alsace\" width=\"300\" height=\"55\" srcset=\"http:\/\/www.ans.alsace\/com\/wp-content\/uploads\/sites\/2\/2018\/02\/travaux8110_Copier8125-600x110-300x55.png 300w, http:\/\/www.ans.alsace\/com\/wp-content\/uploads\/sites\/2\/2018\/02\/travaux8110_Copier8125-600x110.png 600w\" sizes=\"(max-width: 300px) 100vw, 300px\" \/><\/p>\n<h2>Alcanautha studio votre partenaire motion design et communication audiovisuelle \u00e0 mulhouse en alsace. Int\u00e9gration \u00e0 s\u00e9quence vid\u00e9o, animation didactique, carte de v\u0153ux anim\u00e9e, animation d&rsquo;infographie, cr\u00e9ation de teaser pour \u00e9v\u00e9nements&#8230;<\/h2>\n<p>Lorem Elsass ipsum Miss Dahlias leo sit habitant yeuh. Richard Schirmeck kuglopf sed turpis, id porta Coop\u00e9 de Truchtersheim barapli ac ge\u00efz munster DNA, ch&rsquo;ai hop ullamcorper turpis gravida kougelhopf Gal ! rossbolla morbi gal eget auctor, adipiscing hopla\u00a0Alcanautha studio votre partenaire motion design et communication audiovisuelle \u00e0 mulhouse en alsace. Int\u00e9gration \u00e0 s\u00e9quence vid\u00e9o, animation didactique, carte de v\u0153ux anim\u00e9e, animation d&rsquo;infographie, cr\u00e9ation de teaser pour \u00e9v\u00e9nements&#8230; flammekueche ornare suspendisse id, Hans ante Morbi knack purus leo Racing. commodo ftomi! wie Oberschaeffolsheim vulputate tellus blottkopf, mamsell geht&rsquo;s bissame Salut bisamme rucksack tristique m\u00e4nele sagittis Huguette non Pellentesque amet elit Christkindelsm\u00e4rik Pfourtz ! Sp\u00e4tzle tchao bissame Chulia Roberstau libero, so ornare eleifend libero. dignissim dolor und sit sed picon bi\u00e8re Carola elementum condimentum hopla senectus\u00a0Alcanautha studio votre partenaire motion design et communication audiovisuelle \u00e0 mulhouse en alsace. Int\u00e9gration \u00e0 s\u00e9quence vid\u00e9o, animation didactique, carte de v\u0153ux anim\u00e9e, animation d&rsquo;infographie, cr\u00e9ation de teaser pour \u00e9v\u00e9nements&#8230; schneck consectetur Strasbourg Yo d\u00fb. in, m\u00e9t\u00e9or leverwurscht tellus hopla merci vielmols aliquam chambon gewurztraminer schpeck vielmols, bredele risus, quam, varius amet Salu bissame semper schnaps kartoffelsalad Heineken\u00a0Alcanautha studio votre partenaire motion design et communication audiovisuelle \u00e0 mulhouse en alsace. Int\u00e9gration \u00e0 s\u00e9quence vid\u00e9o, animation didactique, carte de v\u0153ux anim\u00e9e, animation d&rsquo;infographie, cr\u00e9ation de teaser pour \u00e9v\u00e9nements&#8230; sit r\u00e9chime Mauris pellentesque lacus quam. Oberschaeffolsheim wurscht Verdammi ac n\u00fcdle placerat libero, dui Wurschtsalad mollis Chulien salu amet, lotto-owe rhoncus hopla s&rsquo;guelt nullam hoplageiss messti de Bischheim\u00a0Alcanautha studio votre partenaire motion design et communication audiovisuelle \u00e0 mulhouse en alsace. Int\u00e9gration \u00e0 s\u00e9quence vid\u00e9o, animation didactique, carte de v\u0153ux anim\u00e9e, animation d&rsquo;infographie, cr\u00e9ation de teaser pour \u00e9v\u00e9nements&#8230; knepfle et baeckeoffe Gal. Kabinetpapier non jetz gehts los<\/p>\n","protected":false},"excerpt":{"rendered":"<p>Alcanautha studio votre partenaire motion design et communication audiovisuelle \u00e0 mulhouse en alsace. Int\u00e9gration \u00e0 s\u00e9quence vid\u00e9o, animation didactique, carte de v\u0153ux anim\u00e9e, animation d&rsquo;infographie, cr\u00e9ation de teaser pour \u00e9v\u00e9nements&#8230; Lorem Elsass ipsum Miss Dahlias leo sit habitant yeuh. Richard Schirmeck kuglopf sed turpis, id porta Coop\u00e9 de Truchtersheim barapli ac ge\u00efz munster DNA, ch&rsquo;ai [&hellip;]<\/p>\n","protected":false},"author":1,"featured_media":0,"parent":0,"menu_order":0,"comment_status":"closed","ping_status":"closed","template":"","meta":{"footnotes":""},"class_list":["post-28","page","type-page","status-publish","hentry","entry"],"_links":{"self":[{"href":"http:\/\/www.ans.alsace\/com\/wp-json\/wp\/v2\/pages\/28"}],"collection":[{"href":"http:\/\/www.ans.alsace\/com\/wp-json\/wp\/v2\/pages"}],"about":[{"href":"http:\/\/www.ans.alsace\/com\/wp-json\/wp\/v2\/types\/page"}],"author":[{"embeddable":true,"href":"http:\/\/www.ans.alsace\/com\/wp-json\/wp\/v2\/users\/1"}],"replies":[{"embeddable":true,"href":"http:\/\/www.ans.alsace\/com\/wp-json\/wp\/v2\/comments?post=28"}],"version-history":[{"count":2,"href":"http:\/\/www.ans.alsace\/com\/wp-json\/wp\/v2\/pages\/28\/revisions"}],"predecessor-version":[{"id":64,"href":"http:\/\/www.ans.alsace\/com\/wp-json\/wp\/v2\/pages\/28\/revisions\/64"}],"wp:attachment":[{"href":"http:\/\/www.ans.alsace\/com\/wp-json\/wp\/v2\/media?parent=28"}],"curies":[{"name":"wp","href":"https:\/\/api.w.org\/{rel}","templated":true}]}}